red thousands digit of 85339211?
3
What is the millions digit of 15057384?
5
What is the hundreds digit of 107727680?
6
What is the hundred thousands digit of 973302719?
3
What is the tens digit of 159411623?
2
What is the ten millions digit of 1979309673?
7
What is the hundred millions digit of 516465337?
5
What is the tens digit of 513169047?
4
What is the tens digit of 211976203?
0
What is the ten thousands digit of 1214046811?
4
What is the ten millions digit of 98747554?
9
What is the hundreds digit of 5064520536?
5
What is the ten thousands digit of 182775708?
7
What is the millions digit of 4070613853?
0
What is the units digit of 1468652876?
6
What is the ten millions digit of 42706444?
4
What is the millions digit of 731027127?
1
What is the tens digit of 146607567?
6
What is the hundred thousands digit of 356492104?
4
What is the billions digit of 3108236077?
3
What is the hundred millions digit of 368657219?
3
What is the billions digit of 2183275736?
2
What is the hundreds digit of 9510894?
8
What is the hundreds digit of 45139231?
2
What is the hundred thousands digit of 950674663?
6
What is the ten millions digit of 311338061?
1
What is the billions digit of 4381670291?
4
What is the units digit of 1016152779?
9
What is the tens digit of 11935136?
3
What is the tens digit of 456470208?
0
What is the tens digit of 36546323?
2
What is the tens digit of 511545263?
6
What is the hundred thousands digit of 18626072?
6
What is the tens digit of 18032412?
1
What is the hundred millions digit of 599652122?
5
What is the tens digit of 2600526284?
8
What is the thousands digit of 3449846?
9
What is the ten millions digit of 194277692?
9
What is the thousands digit of 86961778?
1
What is the hundred thousands digit of 647987707?
9
What is the tens digit of 530874225?
2
What is the hundred thousands digit of 94997398?
9
What is the thousands digit of 820433?
0
What is the ten millions digit of 113946402?
1
What is the millions digit of 33489385?
3
What is the ten millions digit of 5354381915?
5
What is the millions digit of 2466990112?
6
What is the units digit of 815257905?
5
What is the hundred thousands digit of 62851611?
8
What is the tens digit of 39800404?
0
What is the millions digit of 56825833?
6
What is the hundred thousands digit of 127800310?
8
What is the millions digit of 51760542?
1
What is the billions digit of 2701467863?
2
What is the hundreds digit of 154761117?
1
What is the hundred millions digit of 891485067?
8
What is the ten millions digit of 44148721?
4
What is the tens digit of 234719685?
8
What is the millions digit of 460684527?
0
What is the millions digit of 421408019?
1
What is the ten thousands digit of 1295563431?
6
What is the ten millions digit of 310932483?
1
What is the hundred thousands digit of 186126951?
1
What is the thousands digit of 12151730?
1
What is the thousands digit of 422246212?
6
What is the tens digit of 1148239425?
2
What is the hundred thousands digit of 171718716?
7
What is the hundred thousands digit of 2660849145?
8
What is the ten millions digit of 319921201?
1
What is the millions digit of 190425896?
0
What is the ten thousands digit of 830272762?
7
What is the hundred millions digit of 318779253?
3
What is the millions digit of 231831083?
1
What is the thousands digit of 413435316?
5
What is the millions digit of 1248646858?
8
What is the millions digit of 65149898?
5
What is the millions digit of 66056817?
6
What is the units digit of 603246172?
2
What is the millions digit of 90396983?
0
What is the hundred thousands digit of 648077642?
0
What is the ten thousands digit of 1111172111?
7
What is the tens digit of 37588308?
0
What is the hundred millions digit of 130304858?
1
What is the hundred thousands digit of 142808803?
8
What is the ten millions digit of 174707621?
7
What is the millions digit of 90996155?
0
What is the millions digit of 214342782?
4
What is the hundred thousands digit of 363110626?
1
What is the ten thousands digit of 864534116?
3
What is the ten millions digit of 952085982?
5
What is the ten thousands digit of 1888891930?
9
What is the units digit of 3929155258?
8
What is the hundred thousands digit of 1368695406?
6
What is the hundred millions digit of 3011944929?
0
What is the ten thousands digit of 2095718?
9
What is the millions digit of 179810521?
9
What is the units digit of 23778160?
0
What is the units digit of 236709577?
7
What is the hundreds digit of 213967789?
7
What is the tens digit of 30926411?
1
What is the hundred millions digit of 379975129?
3
What is the thousands digit of 92241498?
1
What is the units digit of 92887662?
2
What is the hundreds digit of 2574330050?
0
What is the ten millions digit of 58974357?
5
What is the ten thousands digit of 500337370?
3
What is the hundred thousands digit of 466728762?
7
What is the millions digit of 68970938?
8
What is the hundreds digit of 41934440?
4
What is the ten millions digit of 90823950?
9
What is the ten millions digit of 27317116?
2
What is the ten millions digit of 143144727?
4
What is the ten thousands digit of 127097108?
9
What is the hundred millions digit of 9606092963?
6
What is the ten millions digit of 95302287?
9
What is the hundreds digit of 1188210770?
7
What is the thousands digit of 76857269?
7
What is the thousands digit of 6137980917?
0
What is the ten thousands digit of 205864114?
6
What is the thousands digit of 241085251?
5
What is the thousands digit of 24650222?
0
What is the ten thousands digit of 22955889?
5
What is the hundreds digit of 11221180?
1
What is the ten thousands digit of 2692618710?
1
What is the hundred thousands digit of 201996409?
9
What is the hundred millions digit of 1893995544?
8
What is the tens digit of 97238627?
2
What is the tens digit of 1469822939?
3
What is the billions digit of 1282117722?
1
What is the ten thousands digit of 1689465480?
6
What is the tens digit of 856381168?
6
What is the thousands digit of 5849819591?
9
What is the ten millions digit of 93341366?
9
What is the hundreds digit of 396658915?
9
What is the hundreds digit of 155495407?
4
What is the tens digit of 108107828?
2
What is the hundred millions digit of 2264079633?
2
What is the thousands digit of 191105666?
5
What is the tens digit of 70779263?
6
What is the ten thousands digit of 9129819?
2
What is the millions digit of 2080777201?
0
What is the ten thousands digit of 627176377?
7
What is the millions digit of 561261492?
1
What is the ten millions digit of 591768784?
9
What is the hundreds digit of 6059783?
7
What is the ten thousands digit of 32228413?
2
What is the hundred millions digit of 127572348?
1
What is the ten thousands digit of 774050408?
5
What is the millions digit of 867432184?
7
What is the ten thousands digit of 3087208861?
0
What is the ten thousands digit of 98956338?
5
What is the thousands digit of 912934880?
4
What is the millions digit of 80945659?
0
What is the millions digit of 3803788035?
3
What is the ten thousands digit of 1292492162?
9
What is the hundreds digit of 4430756757?
7
What is the tens digit of 57409204?
0
What is the ten millions digit of 55880284?
5
What is the tens digit of 19413628?
2
What is the hundred millions digit of 215371607?
2
What is the millions digit of 554793135?
4
What is the hundred thousands digit of 543498196?
4
What is the hundred thousands digit of 506802671?
8
What is the billions digit of 4184763395?
4
What is the units digit of 8841835?
5
What is the thousands digit of 697209155?
9
What is the hundred thousands digit of 92020990?
0
What is the millions digit of 35523241?
5
What is the thousands digit of 368397595?
7
What is the ten thousands digit of 30607319?
0
What is the millions digit of 1065774038?
5
What is the hundred thousands digit of 361984788?
9
What is the ten thousands digit of 61713576?
1
What is the hundreds digit of 33582306?
3
What is the tens digit of 82493353?
5
What is the hundred thousands digit of 67965676?
9
What is the thousands digit of 123224022?
4
What is the ten millions digit of 443062359?
4
What is the hundred millions digit of 199286389?
1
What is the millions digit of 7279084512?
9
What is the thousands digit of 840087345?
7
What is the hundred thousands digit of 18